{"id":496,"date":"2020-05-18T18:51:35","date_gmt":"2020-05-18T18:51:35","guid":{"rendered":"https:\/\/demo.pro.radio\/wp1\/event\/spring-break-camp\/"},"modified":"2025-08-20T17:57:11","modified_gmt":"2025-08-20T14:57:11","slug":"11ekim-ralli-festivali","status":"publish","type":"event","link":"https:\/\/radyojuke.com\/web\/event\/11ekim-ralli-festivali\/","title":{"rendered":"11\u201313 Ekim Ralli \u015eov Festivali"},"content":{"rendered":"<h3><strong>11 \u2013 13 Ekim Ralli \u015eov Festivali Program Ak\u0131\u015f\u0131<\/strong><\/h3>\n<p><strong>11 Ekim Ralli \u015eov:<\/strong><\/p>\n<p>17:00 Kent Turu<\/p>\n<p>18:00 A\u00e7\u0131l\u0131\u015f ve Drift Show (Sunucu Altekin Erginel \u2013 DJ Altu\u011f D\u00fclger)<\/p>\n<p>19:00 Seremonik Start ve 1. Dans G\u00f6sterisi<\/p>\n<p>19:30 2. Dans G\u00f6sterisi<\/p>\n<p>19:45 \u00d6zel Etap Start<\/p>\n<p>20:00 3. Dans G\u00f6sterisi A Kare Dans Grubu<\/p>\n<p><strong>12 Ekim(Cumartesi):<\/strong><\/p>\n<p>G\u00fcn Boyu KKTC RALL\u0130S\u0130 \u015eampiyonas\u0131 6. Aya\u011f\u0131<\/p>\n<p><strong>13 Ekim Ralli Final ve October Fest:<\/strong><\/p>\n<p>18.00 \u00d6d\u00fcl T\u00f6reni<\/p>\n<p>19.00 Dans G\u00f6sterileri ve DJ Co\u015fkuner<\/p>\n<p>20.00 Ozbi Konseri<\/p>\n<p><img fetchpriority=\"high\" decoding=\"async\" class=\"alignnone size-medium wp-image-7199\" src=\"https:\/\/radyojuke.com\/web\/wp-content\/uploads\/2020\/05\/ralli4-768x960-1-616x770.jpg\" alt=\"\" width=\"616\" height=\"770\" srcset=\"https:\/\/radyojuke.com\/wp-content\/uploads\/2020\/05\/ralli4-768x960-1-616x770.jpg 616w, https:\/\/radyojuke.com\/wp-content\/uploads\/2020\/05\/ralli4-768x960-1-10x12.jpg 10w, https:\/\/radyojuke.com\/wp-content\/uploads\/2020\/05\/ralli4-768x960-1.jpg 768w\" sizes=\"(max-width: 616px) 100vw, 616px\" \/><\/p>\n","protected":false},"excerpt":{"rendered":"<p>11 \u2013 13 Ekim Ralli \u015eov Festivali Program Ak\u0131\u015f\u0131 11 Ekim Ralli \u015eov: 17:00 Kent Turu 18:00 A\u00e7\u0131l\u0131\u015f ve Drift Show (Sunucu Altekin Erginel \u2013 DJ Altu\u011f D\u00fclger) 19:00 Seremonik Start ve 1. Dans G\u00f6sterisi 19:30 2. Dans G\u00f6sterisi 19:45 \u00d6zel Etap Start 20:00 3. Dans G\u00f6sterisi A Kare Dans ...<\/p>\n","protected":false},"featured_media":7199,"template":"","eventtype":[105,45,93],"class_list":["post-496","event","type-event","status-publish","has-post-thumbnail","hentry","eventtype-etkinlikler","eventtype-festival","eventtype-one-cikan"],"_links":{"self":[{"href":"https:\/\/radyojuke.com\/web\/wp-json\/wp\/v2\/event\/496","targetHints":{"allow":["GET"]}}],"collection":[{"href":"https:\/\/radyojuke.com\/web\/wp-json\/wp\/v2\/event"}],"about":[{"href":"https:\/\/radyojuke.com\/web\/wp-json\/wp\/v2\/types\/event"}],"wp:featuredmedia":[{"embeddable":true,"href":"https:\/\/radyojuke.com\/web\/wp-json\/wp\/v2\/media\/7199"}],"wp:attachment":[{"href":"https:\/\/radyojuke.com\/web\/wp-json\/wp\/v2\/media?parent=496"}],"wp:term":[{"taxonomy":"eventtype","embeddable":true,"href":"https:\/\/radyojuke.com\/web\/wp-json\/wp\/v2\/eventtype?post=496"}],"curies":[{"name":"wp","href":"https:\/\/api.w.org\/{rel}","templated":true}]}}

11–13 Ekim Ralli Şov Festivali

<h3><strong>11 – 13 Ekim Ralli Şov Festivali Program Akışı</strong></h3>
<p><strong>11 Ekim Ralli Şov:</strong></p>
<p>17:00 Kent Turu</p>
<p>18:00 Açılış ve Drift Show (Sunucu Altekin Erginel – DJ Altuğ Dülger)</p>
<p>19:00 Seremonik Start ve 1. Dans Gösterisi</p>
<p>19:30 2. Dans Gösterisi</p>
<p>19:45 Özel Etap Start</p>
<p>20:00 3. Dans Gösterisi A Kare Dans Grubu</p>
<p><strong>12 Ekim(Cumartesi):</strong></p>
<p>Gün Boyu KKTC RALLİSİ Şampiyonası 6. Ayağı</p>
<p><strong>13 Ekim Ralli Final ve October Fest:</strong></p>
<p>18.00 Ödül Töreni</p>
<p>19.00 Dans Gösterileri ve DJ Coşkuner</p>
<p>20.00 Ozbi Konseri</p>
<p><img fetchpriority="high" decoding="async" class="alignnone size-medium wp-image-7199" src="https://radyojuke.com/web/wp-content/uploads/2020/05/ralli4-768x960-1-616x770.jpg" alt="" width="616" height="770" srcset="https://radyojuke.com/wp-content/uploads/2020/05/ralli4-768x960-1-616x770.jpg 616w, https://radyojuke.com/wp-content/uploads/2020/05/ralli4-768x960-1-10x12.jpg 10w, https://radyojuke.com/wp-content/uploads/2020/05/ralli4-768x960-1.jpg 768w" sizes="(max-width: 616px) 100vw, 616px" /></p>

<p>11 – 13 Ekim Ralli Şov Festivali Program Akışı 11 Ekim Ralli Şov: 17:00 Kent Turu 18:00 Açılış ve Drift Show (Sunucu Altekin Erginel – DJ Altuğ Dülger) 19:00 Seremonik Start ve 1. Dans Gösterisi 19:30 2. Dans Gösterisi 19:45 Özel Etap Start 20:00 3. Dans Gösterisi A Kare Dans ...</p>
