{"id":7201,"date":"2025-07-15T17:24:32","date_gmt":"2025-07-15T14:24:32","guid":{"rendered":"https:\/\/radyojuke.com\/web\/?post_type=event&#038;p=7201"},"modified":"2025-08-20T18:36:35","modified_gmt":"2025-08-20T15:36:35","slug":"4ekim-alaykoy-tahil-festivali","status":"publish","type":"event","link":"https:\/\/radyojuke.com\/web\/event\/4ekim-alaykoy-tahil-festivali\/","title":{"rendered":"4-5 Ekim Alayk\u00f6y Tah\u0131l Festivali"},"content":{"rendered":"<h3>4-5 Ekim Alayk\u00f6y Tah\u0131l Festivali Program Ak\u0131\u015f\u0131<\/h3>\n<p><strong>4 Ekim Cuma<\/strong><br \/>\n17:00 Festival A\u00e7\u0131l\u0131\u015f\u0131: DJ Altu\u011f D\u00fclger ile M\u00fczik Performans\u0131<\/p>\n<p>18:30 AKSD Derne\u011fi K\u0131br\u0131s \u015eark\u0131lar\u0131 Konseri<\/p>\n<p>18:45 \u2013 Halk Danslar\u0131 G\u00f6sterisi:<br \/>\n\u2022 AKSD Derne\u011fi Minikler Halk Danslar\u0131 Ekibi,<br \/>\n\u2022 AFD Derne\u011fi Masterler Halk Danslar\u0131 Ekibi,<br \/>\n\u2022 AKSD Derne\u011fi B\u00fcy\u00fckler Halk Danslar\u0131 Ekibi,<br \/>\n\u2022 AFD Derne\u011fi Gen\u00e7ler Halk Danslar\u0131 Ekibi<\/p>\n<p>20:00 \u2013 Ada Cimnastik G\u00f6sterisi<\/p>\n<p>20:00 \u2013 Grup Morphin Sahne Haz\u0131rl\u0131\u011f\u0131 ve Konser<\/p>\n<p>21:00 \u2013 Grup SOS Konseri:<br \/>\n\u2022 F\u0131rat \u00d6zak\u0131nc\u0131,<br \/>\n\u2022 Muhittin Yang\u0131n<br \/>\n\u2022 I\u015f\u0131k Performans\u0131<\/p>\n<p><strong>5 Ekim Cumartesi<\/strong><br \/>\n17:00 \u2013 Festival A\u00e7\u0131l\u0131\u015f\u0131: Tiyatro Mek\u2019an Hikayeleri (SAM)<\/p>\n<p>18:00 \u2013 DJ Co\u015fkuner ile M\u00fczik Performans\u0131<\/p>\n<p>19:00 \u2013 Murat Mermer Konseri<\/p>\n<p>20:00 \u2013 AKSD Judo G\u00f6sterisi ve Dans G\u00f6sterisi<\/p>\n<p>21:00 \u2013 Koray Avc\u0131\u00a0Konseri\u00a0Konser<\/p>\n<p><img fetchpriority=\"high\" decoding=\"async\" class=\"alignnone size-full wp-image-7202\" src=\"https:\/\/radyojuke.com\/web\/wp-content\/uploads\/2025\/07\/tahil-2.jpg\" alt=\"\" width=\"512\" height=\"640\" srcset=\"https:\/\/radyojuke.com\/wp-content\/uploads\/2025\/07\/tahil-2.jpg 512w, https:\/\/radyojuke.com\/wp-content\/uploads\/2025\/07\/tahil-2-10x12.jpg 10w\" sizes=\"(max-width: 512px) 100vw, 512px\" \/><\/p>\n","protected":false},"excerpt":{"rendered":"<p>4-5 Ekim Alayk\u00f6y Tah\u0131l Festivali Program Ak\u0131\u015f\u0131 4 Ekim Cuma 17:00 Festival A\u00e7\u0131l\u0131\u015f\u0131: DJ Altu\u011f D\u00fclger ile M\u00fczik Performans\u0131 18:30 AKSD Derne\u011fi K\u0131br\u0131s \u015eark\u0131lar\u0131 Konseri 18:45 \u2013 Halk Danslar\u0131 G\u00f6sterisi: \u2022 AKSD Derne\u011fi Minikler Halk Danslar\u0131 Ekibi, \u2022 AFD Derne\u011fi Masterler Halk Danslar\u0131 Ekibi, \u2022 AKSD Derne\u011fi B\u00fcy\u00fckler Halk Danslar\u0131 ...<\/p>\n","protected":false},"featured_media":7202,"template":"","eventtype":[105,45,93],"class_list":["post-7201","event","type-event","status-publish","has-post-thumbnail","hentry","eventtype-etkinlikler","eventtype-festival","eventtype-one-cikan"],"_links":{"self":[{"href":"https:\/\/radyojuke.com\/web\/wp-json\/wp\/v2\/event\/7201","targetHints":{"allow":["GET"]}}],"collection":[{"href":"https:\/\/radyojuke.com\/web\/wp-json\/wp\/v2\/event"}],"about":[{"href":"https:\/\/radyojuke.com\/web\/wp-json\/wp\/v2\/types\/event"}],"wp:featuredmedia":[{"embeddable":true,"href":"https:\/\/radyojuke.com\/web\/wp-json\/wp\/v2\/media\/7202"}],"wp:attachment":[{"href":"https:\/\/radyojuke.com\/web\/wp-json\/wp\/v2\/media?parent=7201"}],"wp:term":[{"taxonomy":"eventtype","embeddable":true,"href":"https:\/\/radyojuke.com\/web\/wp-json\/wp\/v2\/eventtype?post=7201"}],"curies":[{"name":"wp","href":"https:\/\/api.w.org\/{rel}","templated":true}]}}

4-5 Ekim Alayköy Tahıl Festivali

<h3>4-5 Ekim Alayköy Tahıl Festivali Program Akışı</h3>
<p><strong>4 Ekim Cuma</strong><br />
17:00 Festival Açılışı: DJ Altuğ Dülger ile Müzik Performansı</p>
<p>18:30 AKSD Derneği Kıbrıs Şarkıları Konseri</p>
<p>18:45 – Halk Dansları Gösterisi:<br />
• AKSD Derneği Minikler Halk Dansları Ekibi,<br />
• AFD Derneği Masterler Halk Dansları Ekibi,<br />
• AKSD Derneği Büyükler Halk Dansları Ekibi,<br />
• AFD Derneği Gençler Halk Dansları Ekibi</p>
<p>20:00 – Ada Cimnastik Gösterisi</p>
<p>20:00 – Grup Morphin Sahne Hazırlığı ve Konser</p>
<p>21:00 – Grup SOS Konseri:<br />
• Fırat Özakıncı,<br />
• Muhittin Yangın<br />
• Işık Performansı</p>
<p><strong>5 Ekim Cumartesi</strong><br />
17:00 – Festival Açılışı: Tiyatro Mek’an Hikayeleri (SAM)</p>
<p>18:00 – DJ Coşkuner ile Müzik Performansı</p>
<p>19:00 – Murat Mermer Konseri</p>
<p>20:00 – AKSD Judo Gösterisi ve Dans Gösterisi</p>
<p>21:00 – Koray Avcı Konseri Konser</p>
<p><img fetchpriority="high" decoding="async" class="alignnone size-full wp-image-7202" src="https://radyojuke.com/web/wp-content/uploads/2025/07/tahil-2.jpg" alt="" width="512" height="640" srcset="https://radyojuke.com/wp-content/uploads/2025/07/tahil-2.jpg 512w, https://radyojuke.com/wp-content/uploads/2025/07/tahil-2-10x12.jpg 10w" sizes="(max-width: 512px) 100vw, 512px" /></p>

<p>4-5 Ekim Alayköy Tahıl Festivali Program Akışı 4 Ekim Cuma 17:00 Festival Açılışı: DJ Altuğ Dülger ile Müzik Performansı 18:30 AKSD Derneği Kıbrıs Şarkıları Konseri 18:45 – Halk Dansları Gösterisi: • AKSD Derneği Minikler Halk Dansları Ekibi, • AFD Derneği Masterler Halk Dansları Ekibi, • AKSD Derneği Büyükler Halk Dansları ...</p>
