{"id":7667,"date":"2025-09-03T14:56:02","date_gmt":"2025-09-03T11:56:02","guid":{"rendered":"https:\/\/radyojuke.com\/web\/?post_type=event&#038;p=7667"},"modified":"2025-09-03T14:57:21","modified_gmt":"2025-09-03T11:57:21","slug":"6-eylul-2025-kibris-kultur-gunu","status":"publish","type":"event","link":"https:\/\/radyojuke.com\/web\/event\/6-eylul-2025-kibris-kultur-gunu\/","title":{"rendered":"6 Eyl\u00fcl 2025 K\u0131br\u0131s K\u00fclt\u00fcr G\u00fcn\u00fc"},"content":{"rendered":"<p>G\u00f6nyeli-Alayk\u00f6y Belediyesinin d\u00fczenledi\u011fi g\u00fcnde k\u00fclt\u00fcr\u00fcm\u00fcz\u00fcn en de\u011ferli miraslar\u0131n\u0131 ya\u015fatmaya devam ediyoruz.<br \/>\n6 Eyl\u00fcl Cumartesi g\u00fcn\u00fc, \u015eehit H\u00fcseyin Amca Caddesi\u2019nde d\u00fczenleyece\u011fimiz K\u0131br\u0131s K\u00fclt\u00fcr G\u00fcn\u00fc, sadece bir etkinlik de\u011fil; k\u00fclt\u00fcrel zenginli\u011fimizin b\u00fcy\u00fck bir \u015f\u00f6leni olacak.<\/p>\n<p>Program:<br \/>\n17:00 \u2013 Grup Otantik ve Alayk\u00f6y Folklor Derne\u011fi<br \/>\n18:15 \u2013 Cemal Arslangazi<br \/>\n19:15 \u2013 Grup Rand\u0131man (Koro Performans\u0131)<br \/>\n19:30 \u2013 AFD Halk Danslar\u0131 &amp; FOGEM Geleneksel Giysiler Defilesi<br \/>\n21:00 \u2013 Ahmet Evan konseri<\/p>\n<p>G\u00fcn boyu:<br \/>\nK\u0131br\u0131s lezzetleri stantlar\u0131<br \/>\nK\u0131br\u0131s \u00fcr\u00fcnleri stantlar\u0131<br \/>\n\u00c7ocuk oyun alanlar\u0131<br \/>\nBaf T\u00fcrk Birli\u011fi Herse G\u00fcn\u00fc<\/p>\n<p>T\u00fcm halk\u0131m\u0131z\u0131 6 Eyl\u00fcl\u2019de bu co\u015fkuya ortak olmaya davet ediyoruz.<\/p>\n<p>K\u0131br\u0131s K\u00fclt\u00fcr G\u00fcn\u00fc\u2019nde bulu\u015fal\u0131m, k\u00fclt\u00fcr\u00fcm\u00fcz\u00fc birlikte ya\u015fatal\u0131m!<\/p>\n<p><img fetchpriority=\"high\" decoding=\"async\" class=\"alignnone size-medium wp-image-7668\" src=\"https:\/\/radyojuke.com\/wp-content\/uploads\/2025\/09\/kibris-kultur-gunu-616x770.jpg\" alt=\"\" width=\"616\" height=\"770\" srcset=\"https:\/\/radyojuke.com\/wp-content\/uploads\/2025\/09\/kibris-kultur-gunu-616x770.jpg 616w, https:\/\/radyojuke.com\/wp-content\/uploads\/2025\/09\/kibris-kultur-gunu-936x1170.jpg 936w, https:\/\/radyojuke.com\/wp-content\/uploads\/2025\/09\/kibris-kultur-gunu-768x960.jpg 768w, https:\/\/radyojuke.com\/wp-content\/uploads\/2025\/09\/kibris-kultur-gunu-1229x1536.jpg 1229w, https:\/\/radyojuke.com\/wp-content\/uploads\/2025\/09\/kibris-kultur-gunu-10x12.jpg 10w, https:\/\/radyojuke.com\/wp-content\/uploads\/2025\/09\/kibris-kultur-gunu.jpg 1440w\" sizes=\"(max-width: 616px) 100vw, 616px\" \/><\/p>\n","protected":false},"excerpt":{"rendered":"<p>G\u00f6nyeli-Alayk\u00f6y Belediyesinin d\u00fczenledi\u011fi g\u00fcnde k\u00fclt\u00fcr\u00fcm\u00fcz\u00fcn en de\u011ferli miraslar\u0131n\u0131 ya\u015fatmaya devam ediyoruz. 6 Eyl\u00fcl Cumartesi g\u00fcn\u00fc, \u015eehit H\u00fcseyin Amca Caddesi\u2019nde d\u00fczenleyece\u011fimiz K\u0131br\u0131s K\u00fclt\u00fcr G\u00fcn\u00fc, sadece bir etkinlik de\u011fil; k\u00fclt\u00fcrel zenginli\u011fimizin b\u00fcy\u00fck bir \u015f\u00f6leni olacak.<\/p>\n","protected":false},"featured_media":7668,"template":"","eventtype":[105,45,93],"class_list":["post-7667","event","type-event","status-publish","has-post-thumbnail","hentry","eventtype-etkinlikler","eventtype-festival","eventtype-one-cikan"],"_links":{"self":[{"href":"https:\/\/radyojuke.com\/web\/wp-json\/wp\/v2\/event\/7667","targetHints":{"allow":["GET"]}}],"collection":[{"href":"https:\/\/radyojuke.com\/web\/wp-json\/wp\/v2\/event"}],"about":[{"href":"https:\/\/radyojuke.com\/web\/wp-json\/wp\/v2\/types\/event"}],"wp:featuredmedia":[{"embeddable":true,"href":"https:\/\/radyojuke.com\/web\/wp-json\/wp\/v2\/media\/7668"}],"wp:attachment":[{"href":"https:\/\/radyojuke.com\/web\/wp-json\/wp\/v2\/media?parent=7667"}],"wp:term":[{"taxonomy":"eventtype","embeddable":true,"href":"https:\/\/radyojuke.com\/web\/wp-json\/wp\/v2\/eventtype?post=7667"}],"curies":[{"name":"wp","href":"https:\/\/api.w.org\/{rel}","templated":true}]}}

6 Eylül 2025 Kıbrıs Kültür Günü

<p>Gönyeli-Alayköy Belediyesinin düzenlediği günde kültürümüzün en değerli miraslarını yaşatmaya devam ediyoruz.<br />
6 Eylül Cumartesi günü, Şehit Hüseyin Amca Caddesi’nde düzenleyeceğimiz Kıbrıs Kültür Günü, sadece bir etkinlik değil; kültürel zenginliğimizin büyük bir şöleni olacak.</p>
<p>Program:<br />
17:00 – Grup Otantik ve Alayköy Folklor Derneği<br />
18:15 – Cemal Arslangazi<br />
19:15 – Grup Randıman (Koro Performansı)<br />
19:30 – AFD Halk Dansları &amp; FOGEM Geleneksel Giysiler Defilesi<br />
21:00 – Ahmet Evan konseri</p>
<p>Gün boyu:<br />
Kıbrıs lezzetleri stantları<br />
Kıbrıs ürünleri stantları<br />
Çocuk oyun alanları<br />
Baf Türk Birliği Herse Günü</p>
<p>Tüm halkımızı 6 Eylül’de bu coşkuya ortak olmaya davet ediyoruz.</p>
<p>Kıbrıs Kültür Günü’nde buluşalım, kültürümüzü birlikte yaşatalım!</p>
<p><img fetchpriority="high" decoding="async" class="alignnone size-medium wp-image-7668" src="https://radyojuke.com/wp-content/uploads/2025/09/kibris-kultur-gunu-616x770.jpg" alt="" width="616" height="770" srcset="https://radyojuke.com/wp-content/uploads/2025/09/kibris-kultur-gunu-616x770.jpg 616w, https://radyojuke.com/wp-content/uploads/2025/09/kibris-kultur-gunu-936x1170.jpg 936w, https://radyojuke.com/wp-content/uploads/2025/09/kibris-kultur-gunu-768x960.jpg 768w, https://radyojuke.com/wp-content/uploads/2025/09/kibris-kultur-gunu-1229x1536.jpg 1229w, https://radyojuke.com/wp-content/uploads/2025/09/kibris-kultur-gunu-10x12.jpg 10w, https://radyojuke.com/wp-content/uploads/2025/09/kibris-kultur-gunu.jpg 1440w" sizes="(max-width: 616px) 100vw, 616px" /></p>

<p>Gönyeli-Alayköy Belediyesinin düzenlediği günde kültürümüzün en değerli miraslarını yaşatmaya devam ediyoruz. 6 Eylül Cumartesi günü, Şehit Hüseyin Amca Caddesi’nde düzenleyeceğimiz Kıbrıs Kültür Günü, sadece bir etkinlik değil; kültürel zenginliğimizin büyük bir şöleni olacak.</p>
