{"id":8013,"date":"2026-04-22T16:12:17","date_gmt":"2026-04-22T13:12:17","guid":{"rendered":"https:\/\/radyojuke.com\/web\/?post_type=event&#038;p=8013"},"modified":"2026-04-27T16:25:50","modified_gmt":"2026-04-27T13:25:50","slug":"cocuk-senligi","status":"publish","type":"event","link":"https:\/\/radyojuke.com\/web\/event\/cocuk-senligi\/","title":{"rendered":"\u00c7ocuk \u015eenli\u011fi"},"content":{"rendered":"<p>G\u00f6nyeli-Alayk\u00f6y Belediyesi, geleneksel olarak D\u00fcnya \u00c7ocuk G\u00fcn\u00fc\u2019nde d\u00fczenledi\u011fi \u00c7ocuk \u015eenli\u011fi\u2019ni bu y\u0131l kapsam\u0131n\u0131 geni\u015fleterek d\u00fczenliyor.<\/p>\n<p>1 Haziran G\u00fcn\u00fc G\u00f6nyeli Belediyesi Eski Hizmet Binas\u0131\u2019ndan ba\u015flayacak kortej y\u00fcr\u00fcy\u00fc\u015f\u00fc Yal\u00e7\u0131n Park\u2019a kadar s\u00fcrecek. Ard\u0131ndan ise G\u00f6nyeli Yal\u00e7\u0131n Park\u2019ta \u00e7ocuklar g\u00f6sterilerini sunacak, g\u00f6n\u00fcllerince e\u011flenecek.<\/p>\n<p>3 Haziran Cumartesi g\u00fcn\u00fc ise G\u00f6nyeli-Alayk\u00f6y Belediye Bulvar\u0131\u2019nda U\u00e7urtma \u015eenli\u011fi ve Yenikent Al\u0131\u015fveri\u015f \u015e\u00f6leni d\u00fczenlenecek.<\/p>\n<p>4 Haziran Pazar G\u00fcn\u00fc ise Alayk\u00f6y\u2019de \u00c7ocuk \u015eenli\u011fi d\u00fczenlenecek. B\u00f6ylelikle G\u00f6nyeli-Alayk\u00f6y\u2019de \u00e7ocuklar D\u00fcnya \u00c7ocuk G\u00fcn\u00fc\u2019n\u00fc muhte\u015fem etkinliklerle kutlam\u0131\u015f olacak.<\/p>\n<p>&nbsp;<\/p>\n<p><strong>Etkinlik bir\u00e7ok \u00e7ocu\u011fu a\u011f\u0131rlayacak<\/strong><\/p>\n<p>G\u00f6nyeli Alayk\u00f6y \u00c7ocuk \u015eenli\u011fi 1 Haziran Per\u015fembe g\u00fcn\u00fc Saat 18:30\u2019da G\u00f6nyeli Belediyesi Eski Hizmet Binas\u0131\u2019ndan Yal\u00e7\u0131n Park\u2019a yap\u0131lacak kortej y\u00fcr\u00fcy\u00fc\u015f\u00fc ile ba\u015flayacak \u015fenlik, Yal\u00e7\u0131n Park\u2019ta d\u00fczenlenecek g\u00f6sterilerle devam edecek.<\/p>\n<p><img fetchpriority=\"high\" decoding=\"async\" class=\"alignnone wp-image-8298 size-large\" src=\"https:\/\/www.gonyeli.org\/wp-content\/uploads\/2023\/05\/1Haziran-1024x1024.jpg\" sizes=\"(max-width: 837px) 100vw, 837px\" srcset=\"https:\/\/www.gonyeli.org\/wp-content\/uploads\/2023\/05\/1Haziran-1024x1024.jpg 1024w, https:\/\/www.gonyeli.org\/wp-content\/uploads\/2023\/05\/1Haziran-183x183.jpg 183w, https:\/\/www.gonyeli.org\/wp-content\/uploads\/2023\/05\/1Haziran-150x150.jpg 150w, https:\/\/www.gonyeli.org\/wp-content\/uploads\/2023\/05\/1Haziran-768x768.jpg 768w, https:\/\/www.gonyeli.org\/wp-content\/uploads\/2023\/05\/1Haziran-1536x1536.jpg 1536w, https:\/\/www.gonyeli.org\/wp-content\/uploads\/2023\/05\/1Haziran.jpg 1600w\" alt=\"\" width=\"837\" height=\"837\" \/><\/p>\n<p>Saat 19.00\u2019da Yal\u00e7\u0131n Park\u2019ta ba\u015flayacak \u015fenlikte G\u00f6nyeli-Alayk\u00f6y s\u0131n\u0131rlar\u0131 i\u00e7erisindeki okullar g\u00f6sterilerini sunacak.<\/p>\n<p>\u00c7ocuklar i\u00e7in bir\u00e7ok ikram, y\u00fcz boyama, bando tak\u0131mlar\u0131, oyuncaklar, balon da\u011f\u0131t\u0131m\u0131 gibi etkinliklerin de yap\u0131laca\u011f\u0131 \u015fenlikte minikler maskotlar ve palya\u00e7olar e\u015fli\u011finde g\u00f6n\u00fcllerince e\u011flenecek.<\/p>\n<p>\u00d6te yandan S\u00dcTEK sponsorlu\u011funda miniklere dondurma ve ayran ikram\u0131 da yap\u0131lacak.<\/p>\n","protected":false},"excerpt":{"rendered":"<p>G\u00f6nyeli-Alayk\u00f6y Belediyesi, geleneksel olarak D\u00fcnya \u00c7ocuk G\u00fcn\u00fc\u2019nde d\u00fczenledi\u011fi \u00c7ocuk \u015eenli\u011fi\u2019ni bu y\u0131l kapsam\u0131n\u0131 geni\u015fleterek d\u00fczenliyor. 1 Haziran G\u00fcn\u00fc G\u00f6nyeli Belediyesi Eski Hizmet Binas\u0131\u2019ndan ba\u015flayacak kortej y\u00fcr\u00fcy\u00fc\u015f\u00fc Yal\u00e7\u0131n Park\u2019a kadar s\u00fcrecek. Ard\u0131ndan ise G\u00f6nyeli Yal\u00e7\u0131n Park\u2019ta \u00e7ocuklar g\u00f6sterilerini sunacak, g\u00f6n\u00fcllerince e\u011flenecek. 3 Haziran Cumartesi g\u00fcn\u00fc ise G\u00f6nyeli-Alayk\u00f6y Belediye Bulvar\u0131\u2019nda U\u00e7urtma \u015eenli\u011fi ...<\/p>\n","protected":false},"featured_media":8014,"template":"","eventtype":[105,45,93],"class_list":["post-8013","event","type-event","status-publish","has-post-thumbnail","hentry","eventtype-etkinlikler","eventtype-festival","eventtype-one-cikan"],"_links":{"self":[{"href":"https:\/\/radyojuke.com\/web\/wp-json\/wp\/v2\/event\/8013","targetHints":{"allow":["GET"]}}],"collection":[{"href":"https:\/\/radyojuke.com\/web\/wp-json\/wp\/v2\/event"}],"about":[{"href":"https:\/\/radyojuke.com\/web\/wp-json\/wp\/v2\/types\/event"}],"wp:featuredmedia":[{"embeddable":true,"href":"https:\/\/radyojuke.com\/web\/wp-json\/wp\/v2\/media\/8014"}],"wp:attachment":[{"href":"https:\/\/radyojuke.com\/web\/wp-json\/wp\/v2\/media?parent=8013"}],"wp:term":[{"taxonomy":"eventtype","embeddable":true,"href":"https:\/\/radyojuke.com\/web\/wp-json\/wp\/v2\/eventtype?post=8013"}],"curies":[{"name":"wp","href":"https:\/\/api.w.org\/{rel}","templated":true}]}}

Çocuk Şenliği

<p>Gönyeli-Alayköy Belediyesi, geleneksel olarak Dünya Çocuk Günü’nde düzenlediği Çocuk Şenliği’ni bu yıl kapsamını genişleterek düzenliyor.</p>
<p>1 Haziran Günü Gönyeli Belediyesi Eski Hizmet Binası’ndan başlayacak kortej yürüyüşü Yalçın Park’a kadar sürecek. Ardından ise Gönyeli Yalçın Park’ta çocuklar gösterilerini sunacak, gönüllerince eğlenecek.</p>
<p>3 Haziran Cumartesi günü ise Gönyeli-Alayköy Belediye Bulvarı’nda Uçurtma Şenliği ve Yenikent Alışveriş Şöleni düzenlenecek.</p>
<p>4 Haziran Pazar Günü ise Alayköy’de Çocuk Şenliği düzenlenecek. Böylelikle Gönyeli-Alayköy’de çocuklar Dünya Çocuk Günü’nü muhteşem etkinliklerle kutlamış olacak.</p>
<p>&nbsp;</p>
<p><strong>Etkinlik birçok çocuğu ağırlayacak</strong></p>
<p>Gönyeli Alayköy Çocuk Şenliği 1 Haziran Perşembe günü Saat 18:30’da Gönyeli Belediyesi Eski Hizmet Binası’ndan Yalçın Park’a yapılacak kortej yürüyüşü ile başlayacak şenlik, Yalçın Park’ta düzenlenecek gösterilerle devam edecek.</p>
<p><img fetchpriority="high" decoding="async" class="alignnone wp-image-8298 size-large" src="https://www.gonyeli.org/wp-content/uploads/2023/05/1Haziran-1024x1024.jpg" sizes="(max-width: 837px) 100vw, 837px" srcset="https://www.gonyeli.org/wp-content/uploads/2023/05/1Haziran-1024x1024.jpg 1024w, https://www.gonyeli.org/wp-content/uploads/2023/05/1Haziran-183x183.jpg 183w, https://www.gonyeli.org/wp-content/uploads/2023/05/1Haziran-150x150.jpg 150w, https://www.gonyeli.org/wp-content/uploads/2023/05/1Haziran-768x768.jpg 768w, https://www.gonyeli.org/wp-content/uploads/2023/05/1Haziran-1536x1536.jpg 1536w, https://www.gonyeli.org/wp-content/uploads/2023/05/1Haziran.jpg 1600w" alt="" width="837" height="837" /></p>
<p>Saat 19.00’da Yalçın Park’ta başlayacak şenlikte Gönyeli-Alayköy sınırları içerisindeki okullar gösterilerini sunacak.</p>
<p>Çocuklar için birçok ikram, yüz boyama, bando takımları, oyuncaklar, balon dağıtımı gibi etkinliklerin de yapılacağı şenlikte minikler maskotlar ve palyaçolar eşliğinde gönüllerince eğlenecek.</p>
<p>Öte yandan SÜTEK sponsorluğunda miniklere dondurma ve ayran ikramı da yapılacak.</p>

<p>Gönyeli-Alayköy Belediyesi, geleneksel olarak Dünya Çocuk Günü’nde düzenlediği Çocuk Şenliği’ni bu yıl kapsamını genişleterek düzenliyor. 1 Haziran Günü Gönyeli Belediyesi Eski Hizmet Binası’ndan başlayacak kortej yürüyüşü Yalçın Park’a kadar sürecek. Ardından ise Gönyeli Yalçın Park’ta çocuklar gösterilerini sunacak, gönüllerince eğlenecek. 3 Haziran Cumartesi günü ise Gönyeli-Alayköy Belediye Bulvarı’nda Uçurtma Şenliği ...</p>
