{"id":8015,"date":"2026-04-22T16:17:31","date_gmt":"2026-04-22T13:17:31","guid":{"rendered":"https:\/\/radyojuke.com\/web\/?post_type=event&#038;p=8015"},"modified":"2026-04-27T16:27:02","modified_gmt":"2026-04-27T13:27:02","slug":"15-temmuz-ralli-sov","status":"publish","type":"event","link":"https:\/\/radyojuke.com\/web\/event\/15-temmuz-ralli-sov\/","title":{"rendered":"15 Temmuz Ralli \u015eov"},"content":{"rendered":"<div class=\"post_image\"><img fetchpriority=\"high\" decoding=\"async\" class=\"attachment-full size-full wp-post-image\" src=\"https:\/\/www.gonyeli.org\/wp-content\/uploads\/2023\/07\/347622252_602887241950239_3014245250234283846_n.jpg\" sizes=\"(max-width: 2048px) 100vw, 2048px\" srcset=\"https:\/\/www.gonyeli.org\/wp-content\/uploads\/2023\/07\/347622252_602887241950239_3014245250234283846_n.jpg 2048w, https:\/\/www.gonyeli.org\/wp-content\/uploads\/2023\/07\/347622252_602887241950239_3014245250234283846_n-260x183.jpg 260w, https:\/\/www.gonyeli.org\/wp-content\/uploads\/2023\/07\/347622252_602887241950239_3014245250234283846_n-1024x722.jpg 1024w, https:\/\/www.gonyeli.org\/wp-content\/uploads\/2023\/07\/347622252_602887241950239_3014245250234283846_n-768x542.jpg 768w, https:\/\/www.gonyeli.org\/wp-content\/uploads\/2023\/07\/347622252_602887241950239_3014245250234283846_n-1536x1083.jpg 1536w\" alt=\"\" width=\"2048\" height=\"1444\" \/><\/div>\n<div class=\"xdj266r x11i5rnm xat24cr x1mh8g0r x1vvkbs x126k92a\">\n<div dir=\"auto\"><span class=\"x3nfvp2 x1j61x8r x1fcty0u xdj266r xhhsvwb xat24cr xgzva0m xxymvpz xlup9mm x1kky2od\"><img decoding=\"async\" src=\"https:\/\/static.xx.fbcdn.net\/images\/emoji.php\/v9\/t39\/1\/16\/1f3c1.png\" alt=\"\ud83c\udfc1\" width=\"16\" height=\"16\" \/><\/span>\u00a0Basel Holding Kuzey K\u0131br\u0131s Ralli \u015eampiyonas\u0131\u2019n\u0131n 4. yar\u0131\u015f\u0131 olan G\u00f6nyeli-Alayk\u00f6y Rallisi, 15-16 Temmuz tarihlerinde ger\u00e7ekle\u015fecek.<\/div>\n<div dir=\"auto\"><\/div>\n<\/div>\n<div class=\"x11i5rnm xat24cr x1mh8g0r x1vvkbs xtlvy1s x126k92a\">\n<div dir=\"auto\"><span class=\"x3nfvp2 x1j61x8r x1fcty0u xdj266r xhhsvwb xat24cr xgzva0m xxymvpz xlup9mm x1kky2od\"><img decoding=\"async\" src=\"https:\/\/static.xx.fbcdn.net\/images\/emoji.php\/v9\/t6d\/1\/16\/1f3ce.png\" alt=\"\ud83c\udfce\" width=\"16\" height=\"16\" \/><\/span>\u00a0Ralli, 15 Temmuz Cumartesi ak\u015fam\u0131 Yenikent Bulvar\u0131\u2019nda Seyirci \u00d6zel etab\u0131 ile 19.30\u2019da start alacak ve 16 Temmuz Pazar g\u00fcn\u00fc Kanl\u0131k\u00f6y-Alayk\u00f6y etablar\u0131yla devam edecek.<\/div>\n<div dir=\"auto\"><\/div>\n<\/div>\n<div class=\"x11i5rnm xat24cr x1mh8g0r x1vvkbs xtlvy1s x126k92a\">\n<div dir=\"auto\"><span class=\"x3nfvp2 x1j61x8r x1fcty0u xdj266r xhhsvwb xat24cr xgzva0m xxymvpz xlup9mm x1kky2od\"><img loading=\"lazy\" decoding=\"async\" src=\"https:\/\/static.xx.fbcdn.net\/images\/emoji.php\/v9\/tbe\/1\/16\/1f3c6.png\" alt=\"\ud83c\udfc6\" width=\"16\" height=\"16\" \/><\/span>\u00a0G\u00f6nyeli-Alayk\u00f6y Belediyesi olarak t\u00fcm yar\u0131\u015fmac\u0131lara ba\u015far\u0131lar dileriz .<\/div>\n<\/div>\n<div dir=\"auto\"><\/div>\n<div dir=\"auto\"><img loading=\"lazy\" decoding=\"async\" class=\"alignnone wp-image-8401 size-large\" src=\"https:\/\/www.gonyeli.org\/wp-content\/uploads\/2023\/07\/ralli2023-721x1024.jpg\" sizes=\"auto, (max-width: 721px) 100vw, 721px\" srcset=\"https:\/\/www.gonyeli.org\/wp-content\/uploads\/2023\/07\/ralli2023-721x1024.jpg 721w, https:\/\/www.gonyeli.org\/wp-content\/uploads\/2023\/07\/ralli2023-129x183.jpg 129w, https:\/\/www.gonyeli.org\/wp-content\/uploads\/2023\/07\/ralli2023-768x1090.jpg 768w, https:\/\/www.gonyeli.org\/wp-content\/uploads\/2023\/07\/ralli2023-1082x1536.jpg 1082w, https:\/\/www.gonyeli.org\/wp-content\/uploads\/2023\/07\/ralli2023.jpg 1127w\" alt=\"\" width=\"721\" height=\"1024\" \/><\/div>\n","protected":false},"excerpt":{"rendered":"<p>\u00a0Basel Holding Kuzey K\u0131br\u0131s Ralli \u015eampiyonas\u0131\u2019n\u0131n 4. yar\u0131\u015f\u0131 olan G\u00f6nyeli-Alayk\u00f6y Rallisi, 15-16 Temmuz tarihlerinde ger\u00e7ekle\u015fecek. \u00a0Ralli, 15 Temmuz Cumartesi ak\u015fam\u0131 Yenikent Bulvar\u0131\u2019nda Seyirci \u00d6zel etab\u0131 ile 19.30\u2019da start alacak ve 16 Temmuz Pazar g\u00fcn\u00fc Kanl\u0131k\u00f6y-Alayk\u00f6y etablar\u0131yla devam edecek. \u00a0G\u00f6nyeli-Alayk\u00f6y Belediyesi olarak t\u00fcm yar\u0131\u015fmac\u0131lara ba\u015far\u0131lar dileriz .<\/p>\n","protected":false},"featured_media":8016,"template":"","eventtype":[105,45,93],"class_list":["post-8015","event","type-event","status-publish","has-post-thumbnail","hentry","eventtype-etkinlikler","eventtype-festival","eventtype-one-cikan"],"_links":{"self":[{"href":"https:\/\/radyojuke.com\/web\/wp-json\/wp\/v2\/event\/8015","targetHints":{"allow":["GET"]}}],"collection":[{"href":"https:\/\/radyojuke.com\/web\/wp-json\/wp\/v2\/event"}],"about":[{"href":"https:\/\/radyojuke.com\/web\/wp-json\/wp\/v2\/types\/event"}],"wp:featuredmedia":[{"embeddable":true,"href":"https:\/\/radyojuke.com\/web\/wp-json\/wp\/v2\/media\/8016"}],"wp:attachment":[{"href":"https:\/\/radyojuke.com\/web\/wp-json\/wp\/v2\/media?parent=8015"}],"wp:term":[{"taxonomy":"eventtype","embeddable":true,"href":"https:\/\/radyojuke.com\/web\/wp-json\/wp\/v2\/eventtype?post=8015"}],"curies":[{"name":"wp","href":"https:\/\/api.w.org\/{rel}","templated":true}]}}

15 Temmuz Ralli Şov

<div class="post_image"><img fetchpriority="high" decoding="async" class="attachment-full size-full wp-post-image" src="https://www.gonyeli.org/wp-content/uploads/2023/07/347622252_602887241950239_3014245250234283846_n.jpg" sizes="(max-width: 2048px) 100vw, 2048px" srcset="https://www.gonyeli.org/wp-content/uploads/2023/07/347622252_602887241950239_3014245250234283846_n.jpg 2048w, https://www.gonyeli.org/wp-content/uploads/2023/07/347622252_602887241950239_3014245250234283846_n-260x183.jpg 260w, https://www.gonyeli.org/wp-content/uploads/2023/07/347622252_602887241950239_3014245250234283846_n-1024x722.jpg 1024w, https://www.gonyeli.org/wp-content/uploads/2023/07/347622252_602887241950239_3014245250234283846_n-768x542.jpg 768w, https://www.gonyeli.org/wp-content/uploads/2023/07/347622252_602887241950239_3014245250234283846_n-1536x1083.jpg 1536w" alt="" width="2048" height="1444" /></div>
<div class="xdj266r x11i5rnm xat24cr x1mh8g0r x1vvkbs x126k92a">
<div dir="auto"><span class="x3nfvp2 x1j61x8r x1fcty0u xdj266r xhhsvwb xat24cr xgzva0m xxymvpz xlup9mm x1kky2od"><img decoding="async" src="https://static.xx.fbcdn.net/images/emoji.php/v9/t39/1/16/1f3c1.png" alt="🏁" width="16" height="16" /></span> Basel Holding Kuzey Kıbrıs Ralli Şampiyonası’nın 4. yarışı olan Gönyeli-Alayköy Rallisi, 15-16 Temmuz tarihlerinde gerçekleşecek.</div>
<div dir="auto"></div>
</div>
<div class="x11i5rnm xat24cr x1mh8g0r x1vvkbs xtlvy1s x126k92a">
<div dir="auto"><span class="x3nfvp2 x1j61x8r x1fcty0u xdj266r xhhsvwb xat24cr xgzva0m xxymvpz xlup9mm x1kky2od"><img decoding="async" src="https://static.xx.fbcdn.net/images/emoji.php/v9/t6d/1/16/1f3ce.png" alt="🏎" width="16" height="16" /></span> Ralli, 15 Temmuz Cumartesi akşamı Yenikent Bulvarı’nda Seyirci Özel etabı ile 19.30’da start alacak ve 16 Temmuz Pazar günü Kanlıköy-Alayköy etablarıyla devam edecek.</div>
<div dir="auto"></div>
</div>
<div class="x11i5rnm xat24cr x1mh8g0r x1vvkbs xtlvy1s x126k92a">
<div dir="auto"><span class="x3nfvp2 x1j61x8r x1fcty0u xdj266r xhhsvwb xat24cr xgzva0m xxymvpz xlup9mm x1kky2od"><img loading="lazy" decoding="async" src="https://static.xx.fbcdn.net/images/emoji.php/v9/tbe/1/16/1f3c6.png" alt="🏆" width="16" height="16" /></span> Gönyeli-Alayköy Belediyesi olarak tüm yarışmacılara başarılar dileriz .</div>
</div>
<div dir="auto"></div>
<div dir="auto"><img loading="lazy" decoding="async" class="alignnone wp-image-8401 size-large" src="https://www.gonyeli.org/wp-content/uploads/2023/07/ralli2023-721x1024.jpg" sizes="auto, (max-width: 721px) 100vw, 721px" srcset="https://www.gonyeli.org/wp-content/uploads/2023/07/ralli2023-721x1024.jpg 721w, https://www.gonyeli.org/wp-content/uploads/2023/07/ralli2023-129x183.jpg 129w, https://www.gonyeli.org/wp-content/uploads/2023/07/ralli2023-768x1090.jpg 768w, https://www.gonyeli.org/wp-content/uploads/2023/07/ralli2023-1082x1536.jpg 1082w, https://www.gonyeli.org/wp-content/uploads/2023/07/ralli2023.jpg 1127w" alt="" width="721" height="1024" /></div>

<p> Basel Holding Kuzey Kıbrıs Ralli Şampiyonası’nın 4. yarışı olan Gönyeli-Alayköy Rallisi, 15-16 Temmuz tarihlerinde gerçekleşecek.  Ralli, 15 Temmuz Cumartesi akşamı Yenikent Bulvarı’nda Seyirci Özel etabı ile 19.30’da start alacak ve 16 Temmuz Pazar günü Kanlıköy-Alayköy etablarıyla devam edecek.  Gönyeli-Alayköy Belediyesi olarak tüm yarışmacılara başarılar dileriz .</p>
