{"id":6957,"date":"2025-07-03T16:31:27","date_gmt":"2025-07-03T13:31:27","guid":{"rendered":"https:\/\/radyojuke.com\/web\/?page_id=6957"},"modified":"2025-12-26T19:20:21","modified_gmt":"2025-12-26T17:20:21","slug":"reklam","status":"publish","type":"page","link":"https:\/\/radyojuke.com\/web\/reklam\/","title":{"rendered":"Reklam"},"content":{"rendered":"\t\t<div data-elementor-type=\"wp-page\" data-elementor-id=\"6957\" class=\"elementor elementor-6957\">\n\t\t\t\t\t\t<section class=\"elementor-section elementor-top-section elementor-element elementor-element-3c91172 animated-slow elementor-section-boxed elementor-section-height-default elementor-section-height-default elementor-invisible\" data-id=\"3c91172\" data-element_type=\"section\" data-settings=\"{&quot;background_background&quot;:&quot;classic&quot;,&quot;animation&quot;:&quot;slideInDown&quot;}\">\n\t\t\t\t\t\t<div class=\"elementor-container elementor-column-gap-default\">\n\t\t\t\t\t<div class=\"elementor-column elementor-col-100 elementor-top-column elementor-element elementor-element-008e872\" data-id=\"008e872\" data-element_type=\"column\">\n\t\t\t<div class=\"elementor-widget-wrap elementor-element-populated\">\n\t\t\t\t\t\t<div class=\"elementor-element elementor-element-c10bb9f elementor-widget elementor-widget-proradio-elementor-section-caption\" data-id=\"c10bb9f\" data-element_type=\"widget\" data-widget_type=\"proradio-elementor-section-caption.default\">\n\t\t\t\t<div class=\"elementor-widget-container\">\n\t\t\t\t\t\n\t\t<div class=\"proradio-section-caption  proradio-section-caption--m\">\n\n\t\t\t\t\t\t\t<h2 id=\"proradiotabseffbab-reklam\" class=\"proradio-center proradio-capfont proradio-proradiotabseffbab-reklam proradio-txtfx-paris-container proradio-textfx-wrap \">\n\t\t\t\t\t\t\t\t\t\t\t\t\t<span class=\"proradio-txtfx proradio-txtfx--paris\" data-qtwaypoints-offset=\"50\" data-qtwaypoints ><span data-letters-l=\"rek\" data-letters-r=\"lam\">reklam<\/span><\/span>\n\t\t\t\t\t\t\t\t\t\t\t\t<\/h2>\n\t\t\t\t\t\t<\/div>\n\t\t\t\t<div data-proradio-customstyles=\".proradio-proradiotabseffbab-reklam .proradio-txtfx--paris { color: #808080}\n\t\t\t\t\t\t\t.proradio-proradiotabseffbab-reklam .proradio-txtfx--paris span::before, .proradio-proradiotabseffbab-reklam .proradio-txtfx--paris span::after { color: #FFFFFF}\n\t\t\t\t\t\t\t.proradio-proradiotabseffbab-reklam .proradio-txtfx--paris::before, .proradio-proradiotabseffbab-reklam .proradio-txtfx--paris::after { background: #DD1A22}\"><\/div>\n\t\t\t\t\t\t<\/div>\n\t\t\t\t<\/div>\n\t\t\t\t\t<\/div>\n\t\t<\/div>\n\t\t\t\t\t<\/div>\n\t\t<\/section>\n\t\t\t\t<section class=\"elementor-section elementor-top-section elementor-element elementor-element-43f17f5 elementor-section-stretched elementor-section-boxed elementor-section-height-default elementor-section-height-default\" data-id=\"43f17f5\" data-element_type=\"section\" data-settings=\"{&quot;stretch_section&quot;:&quot;section-stretched&quot;,&quot;background_background&quot;:&quot;classic&quot;}\">\n\t\t\t\t\t\t<div class=\"elementor-container elementor-column-gap-wider\">\n\t\t\t\t\t<div class=\"elementor-column elementor-col-50 elementor-top-column elementor-element elementor-element-1332449 elementor-invisible\" data-id=\"1332449\" data-element_type=\"column\" data-settings=\"{&quot;animation&quot;:&quot;fadeInLeft&quot;}\">\n\t\t\t<div class=\"elementor-widget-wrap elementor-element-populated\">\n\t\t\t\t\t\t<div class=\"elementor-element elementor-element-ea09ccb elementor-widget elementor-widget-heading\" data-id=\"ea09ccb\" data-element_type=\"widget\" data-widget_type=\"heading.default\">\n\t\t\t\t<div class=\"elementor-widget-container\">\n\t\t\t\t\t<h3 class=\"elementor-heading-title elementor-size-default\">Radyo JUKE Reklam Ba\u015fvuru Formu<\/h3>\t\t\t\t<\/div>\n\t\t\t\t<\/div>\n\t\t\t\t<div class=\"elementor-element elementor-element-4a9b044 elementor-widget elementor-widget-text-editor\" data-id=\"4a9b044\" data-element_type=\"widget\" data-widget_type=\"text-editor.default\">\n\t\t\t\t<div class=\"elementor-widget-container\">\n\t\t\t\t\t\t\t\t\t<p>Neden Radyo JUKE?<br \/><strong>Radyo JUKE<\/strong>, Kuzey K\u0131br\u0131s\u2019\u0131n en \u00e7ok dinlenen T\u00fcrk\u00e7e pop m\u00fczik radyosudur. E\u011flenceli yay\u0131n ak\u0131\u015f\u0131, deneyimli sunucular ve g\u00fc\u00e7l\u00fc teknik altyap\u0131s\u0131yla markan\u0131 do\u011fru kitleye ula\u015ft\u0131r\u0131r.<\/p><p>Reklam Kriterlerimiz:<br \/>Reklam s\u00fcresi minimum 10 saniye, maksimum 30 saniyedir.<\/p><p>Seslendirme metni ve m\u00fczik tercihi kurumumuz taraf\u0131ndan onaylanmal\u0131d\u0131r.<\/p><p>Siyasi, dini ya da toplumsal hassasiyet i\u00e7eren reklamlar yay\u0131nlanmaz.<\/p><p>Reklam yay\u0131n saatleri, sekt\u00f6r \u00e7ak\u0131\u015fmas\u0131 ve ku\u015fak dolulu\u011fu dikkate al\u0131narak\u00a0planlan\u0131r.<\/p>\t\t\t\t\t\t\t\t<\/div>\n\t\t\t\t<\/div>\n\t\t\t\t\t<\/div>\n\t\t<\/div>\n\t\t\t\t<div class=\"elementor-column elementor-col-50 elementor-top-column elementor-element elementor-element-5232620 elementor-invisible\" data-id=\"5232620\" data-element_type=\"column\" data-settings=\"{&quot;animation&quot;:&quot;fadeInRight&quot;}\">\n\t\t\t<div class=\"elementor-widget-wrap elementor-element-populated\">\n\t\t\t\t\t\t<div class=\"elementor-element elementor-element-c272c1c elementor-widget elementor-widget-proradio-elementor-qt-cf7\" data-id=\"c272c1c\" data-element_type=\"widget\" data-widget_type=\"proradio-elementor-qt-cf7.default\">\n\t\t\t\t<div class=\"elementor-widget-container\">\n\t\t\t\t\t\n<div class=\"wpcf7 no-js\" id=\"wpcf7-f7305-o1\" lang=\"en-US\" dir=\"ltr\" data-wpcf7-id=\"7305\">\n<div class=\"screen-reader-response\"><p role=\"status\" aria-live=\"polite\" aria-atomic=\"true\"><\/p> <ul><\/ul><\/div>\n<form action=\"\/web\/wp-json\/wp\/v2\/pages\/6957#wpcf7-f7305-o1\" method=\"post\" class=\"wpcf7-form init\" aria-label=\"Contact form\" novalidate=\"novalidate\" data-status=\"init\">\n<fieldset class=\"hidden-fields-container\"><input type=\"hidden\" name=\"_wpcf7\" value=\"7305\" \/><input type=\"hidden\" name=\"_wpcf7_version\" value=\"6.1.4\" \/><input type=\"hidden\" name=\"_wpcf7_locale\" value=\"en_US\" \/><input type=\"hidden\" name=\"_wpcf7_unit_tag\" value=\"wpcf7-f7305-o1\" \/><input type=\"hidden\" name=\"_wpcf7_container_post\" value=\"0\" \/><input type=\"hidden\" name=\"_wpcf7_posted_data_hash\" value=\"\" \/><input type=\"hidden\" name=\"_wpcf7_recaptcha_response\" value=\"\" \/>\n<\/fieldset>\n<p><label> Ad\u0131n\u0131z<br \/>\n<span class=\"wpcf7-form-control-wrap\" data-name=\"your-name\"><input size=\"40\" maxlength=\"400\" class=\"wpcf7-form-control wpcf7-text wpcf7-validates-as-required\" autocomplete=\"name\" aria-required=\"true\" aria-invalid=\"false\" value=\"\" type=\"text\" name=\"your-name\" \/><\/span> <\/label>\n<\/p>\n<p><label> E-posta<br \/>\n<span class=\"wpcf7-form-control-wrap\" data-name=\"your-email\"><input size=\"40\" maxlength=\"400\" class=\"wpcf7-form-control wpcf7-email wpcf7-validates-as-required wpcf7-text wpcf7-validates-as-email\" autocomplete=\"email\" aria-required=\"true\" aria-invalid=\"false\" value=\"\" type=\"email\" name=\"your-email\" \/><\/span> <\/label>\n<\/p>\n<p><label> Mesaj\u0131n\u0131z<br \/>\n<span class=\"wpcf7-form-control-wrap\" data-name=\"your-message\"><textarea cols=\"40\" rows=\"10\" maxlength=\"2000\" class=\"wpcf7-form-control wpcf7-textarea\" aria-invalid=\"false\" name=\"your-message\"><\/textarea><\/span> <\/label>\n<\/p>\n<p><input class=\"wpcf7-form-control wpcf7-submit has-spinner\" type=\"submit\" value=\"G\u00f6nder\" \/>\n<\/p><div class=\"wpcf7-response-output\" aria-hidden=\"true\"><\/div>\n<\/form>\n<\/div>\n\t\t\t\t<\/div>\n\t\t\t\t<\/div>\n\t\t\t\t\t<\/div>\n\t\t<\/div>\n\t\t\t\t\t<\/div>\n\t\t<\/section>\n\t\t<div class=\"elementor-element elementor-element-e798a77 e-flex e-con-boxed e-con e-parent\" data-id=\"e798a77\" data-element_type=\"container\">\n\t\t\t\t\t<div class=\"e-con-inner\">\n\t\t\t\t<div class=\"elementor-element elementor-element-18e9fc9 elementor-widget elementor-widget-proradio-elementor-section-caption\" data-id=\"18e9fc9\" data-element_type=\"widget\" data-widget_type=\"proradio-elementor-section-caption.default\">\n\t\t\t\t<div class=\"elementor-widget-container\">\n\t\t\t\t\t\n\t\t<div class=\"proradio-section-caption  proradio-section-caption--m\">\n\n\t\t\t\t\t\t\t<h2 id=\"proradiotabseffbed-rnekreklamlar\" class=\"proradio-center proradio-capfont proradio-proradiotabseffbed-rnekreklamlar proradio-txtfx-oslo-container proradio-textfx-wrap \">\n\t\t\t\t\t\t\t\t\t\t\t\t<span class=\"proradio-txtfx proradio-txtfx--oslo\" data-qtwaypoints-offset=\"50\" data-qtwaypoints >\n\t\t\t\t\t\t\t\t<span>\u00d6<\/span><span>r<\/span><span>n<\/span><span>e<\/span><span>k<\/span><span> <\/span><span>R<\/span><span>e<\/span><span>k<\/span><span>l<\/span><span>a<\/span><span>m<\/span><span>l<\/span><span>a<\/span><span>r<\/span>\t\t\t\t\t\t\t<\/span>\n\t\t\t\t\t\t\t\t\t\t\t<\/h2>\n\t\t\t\t\t\t<\/div>\n\t\t\t\t<div data-proradio-customstyles=\".proradio-proradiotabseffbed-rnekreklamlar .proradio-txtfx--oslo span  { color: #101010}\n\t\t\t\t\t\t\t.proradio-proradiotabseffbed-rnekreklamlar .proradio-txtfx--oslo.proradio-active span  { color: #101010}\n\t\t\t\t\t\t\t.proradio-proradiotabseffbed-rnekreklamlar .proradio-txtfx--oslo::before { border-color: #ff0000}\"><\/div>\n\t\t\t\t\t\t<\/div>\n\t\t\t\t<\/div>\n\t\t\t\t<div class=\"elementor-element elementor-element-ab6d155 elementor-widget elementor-widget-proradio-elementor-cards-horizontal-promo\" data-id=\"ab6d155\" data-element_type=\"widget\" data-widget_type=\"proradio-elementor-cards-horizontal-promo.default\">\n\t\t\t\t<div class=\"elementor-widget-container\">\n\t\t\t\t\t\t\t<div class=\"proradio-cards proradio-cards__horizontal \">\n\t\t\t<div class=\"proradio-cards__content proradio-card proradio-gradprimary proradio-negative\">\n\t\t\t\t<div class=\"proradio-cards__content__c\">\n\t\t\t\t\t<div class=\"proradio-row\">\n\t\t\t\t\t\t<div class=\"proradio-col proradio-cards__horizontal__col1 proradio-m6 proradio-l6\">\n\t\t\t\t\t\t\t<div class=\"proradio-cards__horizontal__pad\">\n\t\t\t\t\t\t\t\t\t\t\t\t\t\t\t\t\t\t<h3 class=\"proradio-capfont\">Mr Brown<\/h3>\n\t\t\t\t\t\t\t\t\t\t<p>\u00d6rnek reklam\u0131 dinlemek i\u00e7in butona t\u0131klay\u0131n\u0131z.<\/p><a href=\"https:\/\/radyojuke.com\/wp-content\/uploads\/2020\/06\/mr-brown-2025-yaz.mp3\" class=\"proradio-btn proradio-btn__l proradio-btn-primary\" target=\"\">Dinle<\/a>\n\t\t\t\t\t \t\t<\/div>\n\t\t\t\t\t\t<\/div>\n\t\t\t\t\t\t<div class=\"proradio-col proradio-cards__horizontal__col2 proradio-m6 proradio-l6\">\n\t\t\t\t\t\t\t\t\t\t\t\t\t<\/div>\n\t\t\t\t\t<\/div>\n\t\t \t\t<\/div>\n\n\n\n\t \t\t\t\t\t\t\t\t<img decoding=\"async\" class=\"proradio-cards__bg proradio-bgo-low\" src=\"https:\/\/radyojuke.com\/wp-content\/uploads\/2025\/07\/radyo-juke-hizmetler-3-1.jpg\" alt=\"Background\">\n\t\t\t\t\t\n\t\t\t\t<span class=\"proradio-hov\"><\/span><div class=\"proradio-particles\"><\/div>\n\t\t\t\t\n\t\t\t<\/div>\n\t\t<\/div>\n\t\t\t\t\t\t<\/div>\n\t\t\t\t<\/div>\n\t\t\t\t<div class=\"elementor-element elementor-element-6bf13e7 elementor-widget elementor-widget-proradio-elementor-cards-horizontal-promo\" data-id=\"6bf13e7\" data-element_type=\"widget\" data-widget_type=\"proradio-elementor-cards-horizontal-promo.default\">\n\t\t\t\t<div class=\"elementor-widget-container\">\n\t\t\t\t\t\t\t<div class=\"proradio-cards proradio-cards__horizontal \">\n\t\t\t<div class=\"proradio-cards__content proradio-card proradio-gradprimary proradio-negative\">\n\t\t\t\t<div class=\"proradio-cards__content__c\">\n\t\t\t\t\t<div class=\"proradio-row\">\n\t\t\t\t\t\t<div class=\"proradio-col proradio-cards__horizontal__col1 proradio-m6 proradio-l6\">\n\t\t\t\t\t\t\t<div class=\"proradio-cards__horizontal__pad\">\n\t\t\t\t\t\t\t\t\t\t\t\t\t\t\t\t\t\t<h3 class=\"proradio-capfont\">Alpet<\/h3>\n\t\t\t\t\t\t\t\t\t\t<p>\u00d6rnek reklam\u0131 dinlemek i\u00e7in butona t\u0131klay\u0131n\u0131z.<\/p><a href=\"https:\/\/radyojuke.com\/wp-content\/uploads\/2020\/06\/alpet-click.mp3\" class=\"proradio-btn proradio-btn__l proradio-btn-primary\" target=\"\">Dinle<\/a>\n\t\t\t\t\t \t\t<\/div>\n\t\t\t\t\t\t<\/div>\n\t\t\t\t\t\t<div class=\"proradio-col proradio-cards__horizontal__col2 proradio-m6 proradio-l6\">\n\t\t\t\t\t\t\t\t\t\t\t\t\t<\/div>\n\t\t\t\t\t<\/div>\n\t\t \t\t<\/div>\n\n\n\n\t \t\t\t\t\t\t\t\t<img decoding=\"async\" class=\"proradio-cards__bg proradio-bgo-low\" src=\"https:\/\/radyojuke.com\/wp-content\/uploads\/2025\/07\/radyo-juke-hizmetler-3-1.jpg\" alt=\"Background\">\n\t\t\t\t\t\n\t\t\t\t<span class=\"proradio-hov\"><\/span><div class=\"proradio-particles\"><\/div>\n\t\t\t\t\n\t\t\t<\/div>\n\t\t<\/div>\n\t\t\t\t\t\t<\/div>\n\t\t\t\t<\/div>\n\t\t\t\t<div class=\"elementor-element elementor-element-a880fc0 elementor-widget elementor-widget-proradio-elementor-cards-horizontal-promo\" data-id=\"a880fc0\" data-element_type=\"widget\" data-widget_type=\"proradio-elementor-cards-horizontal-promo.default\">\n\t\t\t\t<div class=\"elementor-widget-container\">\n\t\t\t\t\t\t\t<div class=\"proradio-cards proradio-cards__horizontal \">\n\t\t\t<div class=\"proradio-cards__content proradio-card proradio-gradprimary proradio-negative\">\n\t\t\t\t<div class=\"proradio-cards__content__c\">\n\t\t\t\t\t<div class=\"proradio-row\">\n\t\t\t\t\t\t<div class=\"proradio-col proradio-cards__horizontal__col1 proradio-m6 proradio-l6\">\n\t\t\t\t\t\t\t<div class=\"proradio-cards__horizontal__pad\">\n\t\t\t\t\t\t\t\t\t\t\t\t\t\t\t\t\t\t<h3 class=\"proradio-capfont\">TCL Breezen<\/h3>\n\t\t\t\t\t\t\t\t\t\t<p>\u00d6rnek reklam\u0131 dinlemek i\u00e7in butona t\u0131klay\u0131n\u0131z.<\/p><a href=\"https:\/\/radyojuke.com\/wp-content\/uploads\/2020\/06\/tcl-breezen.mp3\" class=\"proradio-btn proradio-btn__l proradio-btn-primary\" target=\"\">Dinle<\/a>\n\t\t\t\t\t \t\t<\/div>\n\t\t\t\t\t\t<\/div>\n\t\t\t\t\t\t<div class=\"proradio-col proradio-cards__horizontal__col2 proradio-m6 proradio-l6\">\n\t\t\t\t\t\t\t\t\t\t\t\t\t<\/div>\n\t\t\t\t\t<\/div>\n\t\t \t\t<\/div>\n\n\n\n\t \t\t\t\t\t\t\t\t<img decoding=\"async\" class=\"proradio-cards__bg proradio-bgo-low\" src=\"https:\/\/radyojuke.com\/wp-content\/uploads\/2025\/07\/radyo-juke-hizmetler-3-1.jpg\" alt=\"Background\">\n\t\t\t\t\t\n\t\t\t\t<span class=\"proradio-hov\"><\/span><div class=\"proradio-particles\"><\/div>\n\t\t\t\t\n\t\t\t<\/div>\n\t\t<\/div>\n\t\t\t\t\t\t<\/div>\n\t\t\t\t<\/div>\n\t\t\t\t<div class=\"elementor-element elementor-element-1c00720 elementor-widget elementor-widget-proradio-elementor-cards-horizontal-promo\" data-id=\"1c00720\" data-element_type=\"widget\" data-widget_type=\"proradio-elementor-cards-horizontal-promo.default\">\n\t\t\t\t<div class=\"elementor-widget-container\">\n\t\t\t\t\t\t\t<div class=\"proradio-cards proradio-cards__horizontal \">\n\t\t\t<div class=\"proradio-cards__content proradio-card proradio-gradprimary proradio-negative\">\n\t\t\t\t<div class=\"proradio-cards__content__c\">\n\t\t\t\t\t<div class=\"proradio-row\">\n\t\t\t\t\t\t<div class=\"proradio-col proradio-cards__horizontal__col1 proradio-m6 proradio-l6\">\n\t\t\t\t\t\t\t<div class=\"proradio-cards__horizontal__pad\">\n\t\t\t\t\t\t\t\t\t\t\t\t\t\t\t\t\t\t<h3 class=\"proradio-capfont\">Marks World Klima<\/h3>\n\t\t\t\t\t\t\t\t\t\t<p>\u00d6rnek reklam\u0131 dinlemek i\u00e7in butona t\u0131klay\u0131n\u0131z.<\/p><a href=\"https:\/\/radyojuke.com\/wp-content\/uploads\/2020\/06\/marks-world-klima.mp3\" class=\"proradio-btn proradio-btn__l proradio-btn-primary\" target=\"\">Dinle<\/a>\n\t\t\t\t\t \t\t<\/div>\n\t\t\t\t\t\t<\/div>\n\t\t\t\t\t\t<div class=\"proradio-col proradio-cards__horizontal__col2 proradio-m6 proradio-l6\">\n\t\t\t\t\t\t\t\t\t\t\t\t\t<\/div>\n\t\t\t\t\t<\/div>\n\t\t \t\t<\/div>\n\n\n\n\t \t\t\t\t\t\t\t\t<img decoding=\"async\" class=\"proradio-cards__bg proradio-bgo-low\" src=\"https:\/\/radyojuke.com\/wp-content\/uploads\/2025\/07\/radyo-juke-hizmetler-3-1.jpg\" alt=\"Background\">\n\t\t\t\t\t\n\t\t\t\t<span class=\"proradio-hov\"><\/span><div class=\"proradio-particles\"><\/div>\n\t\t\t\t\n\t\t\t<\/div>\n\t\t<\/div>\n\t\t\t\t\t\t<\/div>\n\t\t\t\t<\/div>\n\t\t\t\t<div class=\"elementor-element elementor-element-b7610b8 elementor-widget elementor-widget-proradio-elementor-cards-horizontal-promo\" data-id=\"b7610b8\" data-element_type=\"widget\" data-widget_type=\"proradio-elementor-cards-horizontal-promo.default\">\n\t\t\t\t<div class=\"elementor-widget-container\">\n\t\t\t\t\t\t\t<div class=\"proradio-cards proradio-cards__horizontal \">\n\t\t\t<div class=\"proradio-cards__content proradio-card proradio-gradprimary proradio-negative\">\n\t\t\t\t<div class=\"proradio-cards__content__c\">\n\t\t\t\t\t<div class=\"proradio-row\">\n\t\t\t\t\t\t<div class=\"proradio-col proradio-cards__horizontal__col1 proradio-m6 proradio-l6\">\n\t\t\t\t\t\t\t<div class=\"proradio-cards__horizontal__pad\">\n\t\t\t\t\t\t\t\t\t\t\t\t\t\t\t\t\t\t<h3 class=\"proradio-capfont\">Olive Tree<\/h3>\n\t\t\t\t\t\t\t\t\t\t<p>\u00d6rnek reklam\u0131 dinlemek i\u00e7in butona t\u0131klay\u0131n\u0131z.<\/p><a href=\"https:\/\/radyojuke.com\/wp-content\/uploads\/2020\/06\/olive-tree.mp3\" class=\"proradio-btn proradio-btn__l proradio-btn-primary\" target=\"\">Dinle<\/a>\n\t\t\t\t\t \t\t<\/div>\n\t\t\t\t\t\t<\/div>\n\t\t\t\t\t\t<div class=\"proradio-col proradio-cards__horizontal__col2 proradio-m6 proradio-l6\">\n\t\t\t\t\t\t\t\t\t\t\t\t\t<\/div>\n\t\t\t\t\t<\/div>\n\t\t \t\t<\/div>\n\n\n\n\t \t\t\t\t\t\t\t\t<img decoding=\"async\" class=\"proradio-cards__bg proradio-bgo-low\" src=\"https:\/\/radyojuke.com\/wp-content\/uploads\/2025\/07\/radyo-juke-hizmetler-3-1.jpg\" alt=\"Background\">\n\t\t\t\t\t\n\t\t\t\t<span class=\"proradio-hov\"><\/span><div class=\"proradio-particles\"><\/div>\n\t\t\t\t\n\t\t\t<\/div>\n\t\t<\/div>\n\t\t\t\t\t\t<\/div>\n\t\t\t\t<\/div>\n\t\t\t\t<div class=\"elementor-element elementor-element-833e835 elementor-widget elementor-widget-proradio-elementor-cards-horizontal-promo\" data-id=\"833e835\" data-element_type=\"widget\" data-widget_type=\"proradio-elementor-cards-horizontal-promo.default\">\n\t\t\t\t<div class=\"elementor-widget-container\">\n\t\t\t\t\t\t\t<div class=\"proradio-cards proradio-cards__horizontal \">\n\t\t\t<div class=\"proradio-cards__content proradio-card proradio-gradprimary proradio-negative\">\n\t\t\t\t<div class=\"proradio-cards__content__c\">\n\t\t\t\t\t<div class=\"proradio-row\">\n\t\t\t\t\t\t<div class=\"proradio-col proradio-cards__horizontal__col1 proradio-m6 proradio-l6\">\n\t\t\t\t\t\t\t<div class=\"proradio-cards__horizontal__pad\">\n\t\t\t\t\t\t\t\t\t\t\t\t\t\t\t\t\t\t<h3 class=\"proradio-capfont\">NET HOUSE<\/h3>\n\t\t\t\t\t\t\t\t\t\t<p>\u00d6rnek reklam\u0131 dinlemek i\u00e7in butona t\u0131klay\u0131n\u0131z.<\/p><a href=\"https:\/\/radyojuke.com\/wp-content\/uploads\/2020\/06\/net-house-2025.mp3\" class=\"proradio-btn proradio-btn__l proradio-btn-primary\" target=\"\">Dinle<\/a>\n\t\t\t\t\t \t\t<\/div>\n\t\t\t\t\t\t<\/div>\n\t\t\t\t\t\t<div class=\"proradio-col proradio-cards__horizontal__col2 proradio-m6 proradio-l6\">\n\t\t\t\t\t\t\t\t\t\t\t\t\t<\/div>\n\t\t\t\t\t<\/div>\n\t\t \t\t<\/div>\n\n\n\n\t \t\t\t\t\t\t\t\t<img decoding=\"async\" class=\"proradio-cards__bg proradio-bgo-low\" src=\"https:\/\/radyojuke.com\/wp-content\/uploads\/2025\/07\/radyo-juke-hizmetler-3-1.jpg\" alt=\"Background\">\n\t\t\t\t\t\n\t\t\t\t<span class=\"proradio-hov\"><\/span><div class=\"proradio-particles\"><\/div>\n\t\t\t\t\n\t\t\t<\/div>\n\t\t<\/div>\n\t\t\t\t\t\t<\/div>\n\t\t\t\t<\/div>\n\t\t\t\t<div class=\"elementor-element elementor-element-d2c06fd elementor-widget elementor-widget-proradio-elementor-cards-horizontal-promo\" data-id=\"d2c06fd\" data-element_type=\"widget\" data-widget_type=\"proradio-elementor-cards-horizontal-promo.default\">\n\t\t\t\t<div class=\"elementor-widget-container\">\n\t\t\t\t\t\t\t<div class=\"proradio-cards proradio-cards__horizontal \">\n\t\t\t<div class=\"proradio-cards__content proradio-card proradio-gradprimary proradio-negative\">\n\t\t\t\t<div class=\"proradio-cards__content__c\">\n\t\t\t\t\t<div class=\"proradio-row\">\n\t\t\t\t\t\t<div class=\"proradio-col proradio-cards__horizontal__col1 proradio-m6 proradio-l6\">\n\t\t\t\t\t\t\t<div class=\"proradio-cards__horizontal__pad\">\n\t\t\t\t\t\t\t\t\t\t\t\t\t\t\t\t\t\t<h3 class=\"proradio-capfont\">Pizza Vira<\/h3>\n\t\t\t\t\t\t\t\t\t\t<p>\u00d6rnek reklam\u0131 dinlemek i\u00e7in butona t\u0131klay\u0131n\u0131z.<\/p><a href=\"https:\/\/radyojuke.com\/web\/wp-content\/uploads\/2020\/06\/pizza-vira-reklam.mp3\" class=\"proradio-btn proradio-btn__l proradio-btn-primary\" target=\"\">Dinle<\/a>\n\t\t\t\t\t \t\t<\/div>\n\t\t\t\t\t\t<\/div>\n\t\t\t\t\t\t<div class=\"proradio-col proradio-cards__horizontal__col2 proradio-m6 proradio-l6\">\n\t\t\t\t\t\t\t\t\t\t\t\t\t<\/div>\n\t\t\t\t\t<\/div>\n\t\t \t\t<\/div>\n\n\n\n\t \t\t\t\t\t\t\t\t<img decoding=\"async\" class=\"proradio-cards__bg proradio-bgo-low\" src=\"https:\/\/radyojuke.com\/wp-content\/uploads\/2025\/07\/radyo-juke-hizmetler-3-1.jpg\" alt=\"Background\">\n\t\t\t\t\t\n\t\t\t\t<span class=\"proradio-hov\"><\/span><div class=\"proradio-particles\"><\/div>\n\t\t\t\t\n\t\t\t<\/div>\n\t\t<\/div>\n\t\t\t\t\t\t<\/div>\n\t\t\t\t<\/div>\n\t\t\t\t<div class=\"elementor-element elementor-element-552be8b elementor-widget elementor-widget-proradio-elementor-cards-horizontal-promo\" data-id=\"552be8b\" data-element_type=\"widget\" data-widget_type=\"proradio-elementor-cards-horizontal-promo.default\">\n\t\t\t\t<div class=\"elementor-widget-container\">\n\t\t\t\t\t\t\t<div class=\"proradio-cards proradio-cards__horizontal \">\n\t\t\t<div class=\"proradio-cards__content proradio-card proradio-gradprimary proradio-negative\">\n\t\t\t\t<div class=\"proradio-cards__content__c\">\n\t\t\t\t\t<div class=\"proradio-row\">\n\t\t\t\t\t\t<div class=\"proradio-col proradio-cards__horizontal__col1 proradio-m6 proradio-l6\">\n\t\t\t\t\t\t\t<div class=\"proradio-cards__horizontal__pad\">\n\t\t\t\t\t\t\t\t\t\t\t\t\t\t\t\t\t\t<h3 class=\"proradio-capfont\">Pizza Vira 2<\/h3>\n\t\t\t\t\t\t\t\t\t\t<p>\u00d6rnek reklam\u0131 dinlemek i\u00e7in butona t\u0131klay\u0131n\u0131z.<\/p><a href=\"https:\/\/radyojuke.com\/web\/wp-content\/uploads\/2020\/06\/pizza-vira-reklam-2.mp3\" class=\"proradio-btn proradio-btn__l proradio-btn-primary\" target=\"\">Dinle<\/a>\n\t\t\t\t\t \t\t<\/div>\n\t\t\t\t\t\t<\/div>\n\t\t\t\t\t\t<div class=\"proradio-col proradio-cards__horizontal__col2 proradio-m6 proradio-l6\">\n\t\t\t\t\t\t\t\t\t\t\t\t\t<\/div>\n\t\t\t\t\t<\/div>\n\t\t \t\t<\/div>\n\n\n\n\t \t\t\t\t\t\t\t\t<img decoding=\"async\" class=\"proradio-cards__bg proradio-bgo-low\" src=\"https:\/\/radyojuke.com\/wp-content\/uploads\/2025\/07\/radyo-juke-hizmetler-3-1.jpg\" alt=\"Background\">\n\t\t\t\t\t\n\t\t\t\t<span class=\"proradio-hov\"><\/span><div class=\"proradio-particles\"><\/div>\n\t\t\t\t\n\t\t\t<\/div>\n\t\t<\/div>\n\t\t\t\t\t\t<\/div>\n\t\t\t\t<\/div>\n\t\t\t\t<div class=\"elementor-element elementor-element-676bf46 elementor-widget elementor-widget-proradio-elementor-cards-horizontal-promo\" data-id=\"676bf46\" data-element_type=\"widget\" data-widget_type=\"proradio-elementor-cards-horizontal-promo.default\">\n\t\t\t\t<div class=\"elementor-widget-container\">\n\t\t\t\t\t\t\t<div class=\"proradio-cards proradio-cards__horizontal \">\n\t\t\t<div class=\"proradio-cards__content proradio-card proradio-gradprimary proradio-negative\">\n\t\t\t\t<div class=\"proradio-cards__content__c\">\n\t\t\t\t\t<div class=\"proradio-row\">\n\t\t\t\t\t\t<div class=\"proradio-col proradio-cards__horizontal__col1 proradio-m6 proradio-l6\">\n\t\t\t\t\t\t\t<div class=\"proradio-cards__horizontal__pad\">\n\t\t\t\t\t\t\t\t\t\t\t\t\t\t\t\t\t\t<h3 class=\"proradio-capfont\">Yves Roche<\/h3>\n\t\t\t\t\t\t\t\t\t\t<p>\u00d6rnek reklam\u0131 dinlemek i\u00e7in butona t\u0131klay\u0131n\u0131z.<\/p><a href=\"https:\/\/radyojuke.com\/web\/wp-content\/uploads\/2020\/06\/yves-roche-reklam.mp3\" class=\"proradio-btn proradio-btn__l proradio-btn-primary\" target=\"\">Dinle<\/a>\n\t\t\t\t\t \t\t<\/div>\n\t\t\t\t\t\t<\/div>\n\t\t\t\t\t\t<div class=\"proradio-col proradio-cards__horizontal__col2 proradio-m6 proradio-l6\">\n\t\t\t\t\t\t\t\t\t\t\t\t\t<\/div>\n\t\t\t\t\t<\/div>\n\t\t \t\t<\/div>\n\n\n\n\t \t\t\t\t\t\t\t\t<img decoding=\"async\" class=\"proradio-cards__bg proradio-bgo-low\" src=\"https:\/\/radyojuke.com\/wp-content\/uploads\/2025\/07\/radyo-juke-hizmetler-3-1.jpg\" alt=\"Background\">\n\t\t\t\t\t\n\t\t\t\t<span class=\"proradio-hov\"><\/span><div class=\"proradio-particles\"><\/div>\n\t\t\t\t\n\t\t\t<\/div>\n\t\t<\/div>\n\t\t\t\t\t\t<\/div>\n\t\t\t\t<\/div>\n\t\t\t\t\t<\/div>\n\t\t\t\t<\/div>\n\t\t\t\t<\/div>\n\t\t","protected":false},"excerpt":{"rendered":"<p>reklam Radyo JUKE Reklam Ba\u015fvuru Formu Neden Radyo JUKE?Radyo JUKE, Kuzey K\u0131br\u0131s\u2019\u0131n en \u00e7ok dinlenen T\u00fcrk\u00e7e pop m\u00fczik radyosudur. E\u011flenceli yay\u0131n ak\u0131\u015f\u0131, deneyimli sunucular ve g\u00fc\u00e7l\u00fc teknik altyap\u0131s\u0131yla markan\u0131 do\u011fru kitleye ula\u015ft\u0131r\u0131r. Reklam Kriterlerimiz:Reklam s\u00fcresi minimum 10 saniye, maksimum 30 saniyedir. Seslendirme metni ve m\u00fczik tercihi kurumumuz taraf\u0131ndan onaylanmal\u0131d\u0131r. Siyasi, ...<\/p>\n","protected":false},"author":2,"featured_media":0,"parent":0,"menu_order":0,"comment_status":"closed","ping_status":"closed","template":"page-visualcomposer.php","meta":{"footnotes":""},"class_list":["post-6957","page","type-page","status-publish","hentry"],"_links":{"self":[{"href":"https:\/\/radyojuke.com\/web\/wp-json\/wp\/v2\/pages\/6957","targetHints":{"allow":["GET"]}}],"collection":[{"href":"https:\/\/radyojuke.com\/web\/wp-json\/wp\/v2\/pages"}],"about":[{"href":"https:\/\/radyojuke.com\/web\/wp-json\/wp\/v2\/types\/page"}],"author":[{"embeddable":true,"href":"https:\/\/radyojuke.com\/web\/wp-json\/wp\/v2\/users\/2"}],"replies":[{"embeddable":true,"href":"https:\/\/radyojuke.com\/web\/wp-json\/wp\/v2\/comments?post=6957"}],"version-history":[{"count":113,"href":"https:\/\/radyojuke.com\/web\/wp-json\/wp\/v2\/pages\/6957\/revisions"}],"predecessor-version":[{"id":7817,"href":"https:\/\/radyojuke.com\/web\/wp-json\/wp\/v2\/pages\/6957\/revisions\/7817"}],"wp:attachment":[{"href":"https:\/\/radyojuke.com\/web\/wp-json\/wp\/v2\/media?parent=6957"}],"curies":[{"name":"wp","href":"https:\/\/api.w.org\/{rel}","templated":true}]}}